hat is the remainder when s is divided by 22?
20
Let g be ((-9)/(-4))/((-69)/(-2576)). Calculate the remainder when 14/3*g/8 is divided by 17.
15
Suppose -77 - 243 = -2*o + 2*r, -4*r = 5*o - 800. Suppose -4*f = f - o. What is the remainder when f is divided by 17?
15
Suppose -1715 + 2195 = 6*t. Calculate the remainder when t is divided by 41.
39
Let m be (-1120)/(-24) - (-2)/6. Suppose p = -2*b + 3 + 16, -4*b + p + m = 0. What is the remainder when 22 is divided by b?
0
Calculate the remainder when -5 - (756/(-7))/6 is divided by 4.
1
Let n = 722 + -277. Suppose -8*j = 125 - n. Calculate the remainder when j is divided by 6.
4
Let f(n) = -n**2 + 5*n + 5. Let a be f(5). Suppose l = -0*l + a*y + 66, 3*l = 3*y + 222. What is the remainder when l is divided by 48/(-64) + ((-214)/8)/(-1)?
24
Suppose -5*s = -8*s + 4365. Calculate the remainder when s is divided by 28.
27
Let j(h) = -2*h**2 - 3*h + 46. What is the remainder when 38 is divided by j(-5)?
5
Suppose -2*i - 1602 = -11*i. Suppose 3*a + 13 = 5*s - 245, 3*s - i = -4*a. What is the remainder when s is divided by 19?
16
Let o = -4 - -8. Suppose -20 = 3*g - t, -6*g - o*t - 22 = -g. What is the remainder when 29 is divided by (32/(-12))/(1/g)?
13
Let o = -807 + 876. Calculate the remainder when 145 is divided by o.
7
Let z(a) be the first derivative of -2*a**3/3 + 3*a**2/2 + 31*a - 15. What is the remainder when z(0) is divided by 16?
15
Suppose -1 = -d + 4. Suppose -19 = -d*q - 4. Let b = 1 + q. Calculate the remainder when 17 is divided by b.
1
Let n = -778 + 791. What is the remainder when n is divided by 5?
3
Suppose -14*p - 1207 = 3*p. Let b = p + 74. Let i(z) = -z**2 + 7*z - 4. Calculate the remainder when b is divided by i(6).
1
Suppose 126 = u - h, 0 = -3*u - 2*u - 5*h + 630. Let n(p) = 2*p**2 + 6*p - 4. Calculate the remainder when u is divided by n(-6).
30
Suppose -c + 5 = -9. Suppose y - c*s + 13*s - 18 = 0, s = -2*y + 24. Calculate the remainder when 2/3*(-138)/(-4) is divided by y.
9
Suppose -13*d + 39 = -39. Calculate the remainder when 106 is divided by d.
4
Suppose -m + 236*z = 234*z - 15, 2*m - 25 = 5*z. What is the remainder when 615 is divided by m?
15
Let z = 9 - 2. Suppose -2*o + 7*o - 15 = 0. Suppose -t + o = -0*t. What is the remainder when z is divided by t?
1
Let i = 49 - 29. Let d(o) = 2*o**2 - 20*o - 2. Let y be d(11). Suppose -y = -4*l, 2*q - l - 2*l - 7 = 0. What is the remainder when i is divided by q?
9
Let c(m) = -m**3 - 10*m**2 - 7*m + 20. Let a be c(-9). Suppose l - 40 = a*w, 0 = -4*l - 5*w + 312 - 126. What is the remainder when 85 is divided by l?
41
Let k(q) = -33*q + 15. Let n be k(-4). Suppose n = 2*p + 2*x + x, -4*x - 356 = -5*p. What is the remainder when p is divided by 15?
12
Let t = 190 - 164. Calculate the remainder when 123 is divided by t.
19
Calculate the remainder when (-1)/(512/(-168) - -3) is divided by 18.
3
Let u be (-20)/(-14) + (-32)/(-56). Let j(m) = m**2 - 2*m - 5. Let n be j(0). Calculate the remainder when 76 is divided by u - -21 - (n + 8).
16
Calculate the remainder when (177 + 1)/(1/11) is divided by 28.
26
Calculate the remainder when (-21)/(-3)*(1 + 7) is divided by 30.
26
Suppose 11*y - 54 = 67. Let p(r) be the second derivative of 11*r**5/5 - r**2/2 + 6*r. Calculate the remainder when p(1) is divided by y.
10
Let q be (3 - (-27)/(-6))*-2. Let c(m) = -2*m + 4. Let x be c(q). Let t = 2 - x. What is the remainder when 11 is divided by t?
3
Let s be (-15)/25*(5 + 0). Let y(a) = 29*a - 1. Let g be y(s). Let h = -47 - g. Calculate the remainder when h is divided by 11.
8
Let n(i) = -7 + 6*i - 3 + 3 + 1. Suppose 5*h + 2*m - 12 = 0, 5*h - 6*m + 4*m - 28 = 0. What is the remainder when 34 is divided by n(h)?
16
Suppose -13266 - 8705 = -80*x - 47*x. Let z = -24 + 53. Calculate the remainder when x is divided by z.
28
Suppose -3*r = 185 - 5. What is the remainder when 19 is divided by (-4)/14 + r/(-14)?
3
Let x(s) be the first derivative of -19*s**4/4 + 2*s**3/3 + 3*s**2/2 + 2*s - 39. Calculate the remainder when x(-1) is divided by 8.
4
Let y(t) = 7*t. What is the remainder when 168 is divided by y(4)?
0
Suppose 2 = r - 3*j + 1, -r = 4*j - 8. Suppose -r*f + 1 - 27 = -2*c, 3*f = -c + 18. What is the remainder when 71 is divided by c?
11
Calculate the remainder when 413 is divided by (-4)/(-2) + 1064/(-1 + 9).
8
Suppose 0 = 3*r + a + 14, -a + 3*a = -10. Let c(p) = -5*p + 10. Calculate the remainder when 74 is divided by c(r).
24
Suppose -295*a + 282*a + 1690 = 0. What is the remainder when a is divided by 27?
22
Let c = 2 - -10. Let a be c - 9 - (1 + -1). What is the remainder when 45 is divided by (3 - a/3) + 14?
13
Suppose o - 90 = -4*c, c = -3*o + 23 + 5. Let y = c - 20. Suppose 5*x = 3*n - 22, n + y = 2*x + 9. Calculate the remainder when 16 is divided by n.
7
Suppose -3*r + 7 = -2*r. Let d(q) = 4*q + 25. Calculate the remainder when d(r) is divided by 7.
4
What is the remainder when 10/(-560)*-14 - 363/(-4) is divided by 56?
35
Let r be 5 - (-4)/(-8 - -4). Suppose -7*t + r*t = -180. Let y = t + -29. Calculate the remainder when 59 is divided by y.
28
Let t(i) = 2*i - 7. Let z(j) = j - 6. Let u(p) = 3*t(p) - 4*z(p). What is the remainder when 31 is divided by u(5)?
5
Suppose 2*o = -5*v - 238, -v = 4*o + 2*v + 476. Let t = -22 - o. Calculate the remainder when t is divided by 25.
22
Suppose 8*r = 327 + 97. What is the remainder when r is divided by 38?
15
Suppose -124*c + 3137 - 641 = -60*c. Let w = 348 + -195. What is the remainder when w is divided by c?
36
Suppose 0 = g + g. Let s = g - 2. Let z(b) = -3*b**3 + b + 1. Calculate the remainder when 43 is divided by z(s).
20
Suppose 0 = 3*j - a + 374, -582 + 77 = 4*j + 5*a. Let q = -83 - j. Suppose -z = -i - 0*i + 10, i = -z + 12. Calculate the remainder when q is divided by i.
9
Suppose 0 = 2*f + 42 - 64. Suppose -3 = 3*y, -3*c + f = -3*y - 2*y. Let w(q) = -q**2 - 7*q - 6. What is the remainder when w(-5) is divided by c?
0
Suppose -4*t - 4 = 0, 4*t - 170 = -4*f + 130. Calculate the remainder when 604 is divided by f.
72
Let s(i) be the first derivative of -1/4*i**4 + 8 - 16*i - 13/3*i**3 - 3/2*i**2. What is the remainder when s(-13) is divided by 7?
2
Suppose 0 = 3*b + 4*y - 753, 2*b - b + 3*y = 251. What is the remainder when b is divided by 52?
43
Let t(s) = 4*s**2 - 16*s + 25. Calculate the remainder when 241 is divided by t(2).
7
Let i(v) = -3*v**2 + 63*v + 18. What is the remainder when 47 is divided by i(21)?
11
Let k(h) = h**2 - 5*h + 4. Let v(d) = -d**3 + 2*d**2 + d + 1. Let q be v(2). Let s be k(q). What is the remainder when 42 is divided by s - (-2 + -8 - 1)?
6
Suppose 0 = 4*c - 3*h - 92, 4*h + 12 = -4. Suppose 11 - 1 = -2*u, l + 2*u + 3 = 0. What is the remainder when (1*c)/2 + 2 is divided by l?
5
What is the remainder when 129 is divided by (4 - 42/10)/(3/(-555))?
18
Let m = -6 + 2. Let q(p) = p**2 + 4. Let y be q(-4). Let k = m + y. What is the remainder when k is divided by 6?
4
Let x(g) = -g**3 + 9*g**2 - g - 10. Let y be x(8). Suppose -6*w + y = -5*w. Suppose -l + w = l. What is the remainder when 68 is divided by l?
22
Let d(a) = a**3 + 2*a**2 + 3*a - 9. What is the remainder when 308 is divided by d(2)?
9
Let o = -350 + 395. What is the remainder when 156 is divided by o?
21
Let z = -52 - -61. What is the remainder when 27 is divided by ((z/2)/(-3))/((-6)/16)?
3
Let a(d) = -d**3 - 6*d**2 + 10*d + 7. Let g be a(-6). Let q = 79 + g. Calculate the remainder when 49 is divided by q.
23
Suppose 13*i - 15 = 10*i. Suppose -3*b - a + 37 = 0, 3*b + b - 43 = i*a. What is the remainder when 45 is divided by b?
9
Let d be ((-2)/8)/(23/8 + -3). Calculate the remainder when (4 + (4 - -6))*(d - 0) is divided by 10.
8
Suppose -j - 2*j = 3*v - 36, 0 = j - 5*v - 36. What is the remainder when 206 is divided by j?
14
Suppose -w + 4 - 1 = 0. Let k be w - (-4 + 12)/1. Let r = 15 + k. Calculate the remainder when 17 is divided by r.
7
Let f(n) be the first derivative of 2*n**2 + 19*n - 3. What is the remainder when 14 is divided by f(-4)?
2
Let z(n) = n**3 + 20*n**2 - 44*n + 45. Calculate the remainder when z(-22) is divided by 12.
9
Suppose 4*d + 9 + 3 = 0. Let a be ((-3)/d)/(-1) + 7. What is the remainder when 37 is divided by (24/15)/(a/75)?
17
Let y(q) = 2*q. Calculate the remainde